 k?
1
Let h = 19 + 20. Suppose a - h = 5*u, u - 58 = -5*a + 7. Suppose 0 = -a*p - 30 + 436. What is the units digit of p?
9
Suppose 2*n + 50 - 75 = -5*j, 0 = -4*n - 2*j + 10. Suppose n = f + 4*d - 285 + 23, -d + 988 = 4*f. What is the hundreds digit of f?
2
Let t(p) = -32*p + 5*p - p + 7*p**2 - 3 - 28*p. What is the units digit of t(9)?
0
Let o(r) = -r**3 + 15*r**2 + 12*r + 15. Let p be o(16). Let h = p - -53. Suppose 0 = 3*l - 3, -l + 459 = h*j + 2*l. What is the tens digit of j?
1
Suppose 37 - 517 = 4*t - u, -t - 5*u - 141 = 0. Let a = t + 367. What is the units digit of a?
6
Let i(m) = 221*m + 57. Let d(k) = 108*k + 28. Let l(j) = 5*d(j) - 3*i(j). What is the units digit of l(-2)?
5
Let u be 8 - (1 - -2)/(-3) - -3. Let o be u - (-1 + (-2)/(-2))/4. Suppose -657 = -o*c + 3*c. What is the units digit of c?
3
Let u(w) = -w**2 + 3*w + 1. Let h = -13 - -15. Let m be u(h). Suppose -485 = -5*a - m*l, 103 = a - 3*l - 12. What is the hundreds digit of a?
1
Suppose 0 = -224*t + 237*t - 14651. What is the hundreds digit of t?
1
Let o = 64945 + -36134. What is the ten thousands digit of o?
2
What is the units digit of 262792/40 + 0 + 3/15?
0
Let k(p) = p**3 - 5*p**2 + 10. Let n be k(5). Let h(t) = -t**2 - 43*t + 14*t + n*t + 30. What is the units digit of h(-20)?
0
Suppose 3*o = 3, 45*y - 46*y + 5*o = -11113. What is the hundreds digit of y?
1
Let h(z) = z**3 + 8*z**2 + 10*z + 8. Let m be h(-6). Let d be (-74)/(-629) - 261/51. What is the tens digit of ((-2364)/m)/3*d?
9
Let l(a) = -11*a + 124. Let t be l(11). Suppose -t*y = 5*c - y - 6073, -6061 = -5*c + y. What is the units digit of c?
3
Let n = 11486 + -2523. What is the hundreds digit of n?
9
Let g = -235 + -15. Suppose 3*z - 913 = -4*z - 3818. Let x = g - z. What is the tens digit of x?
6
Suppose -3*f + 459 = 4*l, -2*f - 317 = -4*f + l. Let z = 286 - f. Suppose 4*o + z = 5*o. What is the tens digit of o?
2
Suppose -93*h + 195*h - 263590 = 97*h. What is the ten thousands digit of h?
5
Suppose 3*c + 37 = 4*s - 2*c, 3*c = -4*s + 29. What is the hundreds digit of (252/s)/(6/80)?
4
Let t(f) = 3*f**2 - 47*f - 12. Let u be t(16). Suppose 2*y - 939 = -0*y - g, -2*y - u*g + 942 = 0. What is the tens digit of y?
6
Let w(r) = -9*r + 10. Let g(v) = v - 1. Let k(b) = -24*g(b) - 3*w(b). Let h be k(4). Suppose 8 = -2*d + h*d. What is the units digit of d?
2
Let l(j) = 10*j**2 - 4*j + 2. Let a be l(3). Let x = 83 - a. Suppose 5*f - 735 = 5*g, f - x*g - 583 = -3*f. What is the hundreds digit of f?
1
Suppose 53*k - 6611 = -33*k + 1678129. What is the tens digit of k?
9
Let j(n) = -14*n + 8. Let g be j(-2). What is the units digit of (-5*g/(-15))/((-3)/(-50))?
0
Let q be 18 + 0 + 14/(-7). Suppose -l + 5*w = 13, 2*l + 2*w - q = -2*w. Suppose -r + 150 = l*f, 0*r = r - 5*f - 185. What is the tens digit of r?
6
Let d(y) = 3*y**3 + 36 - 32 + 18*y**3 - 6 + 3*y**2. What is the units digit of d(3)?
2
Let w(x) = 274*x + 63. Let p(n) = n**2 - 23*n + 63. Let f be p(20). What is the units digit of w(f)?
5
Suppose 136*l - 327988 - 994032 = -54*l. What is the tens digit of l?
5
Let m be -20 + 1 + 15/5. Let j(c) = -2*c - 28. Let b be j(m). Suppose 4*p + 262 + 153 = 3*g, 2*g + b*p = 250. What is the hundreds digit of g?
1
Let b(a) be the third derivative of -a**4/12 + a**3/3 - 14*a**2. Let n be b(-1). Suppose n*p - p = 183. What is the units digit of p?
1
Suppose 0*o = 5*o + 295. Let r(l) = l**3 - 13*l**2 + 10*l - 106. Let c be r(12). Let d = o - c. What is the tens digit of d?
7
Let c = -9979 - -26908. Suppose 9*t + 2*t - c = 0. What is the units digit of t?
9
Let k be 200903/7 - 39/91. Suppose -12*v = -37*v + k. What is the tens digit of v?
4
Suppose -5*p = -2*x - 2*x + 2025, 0 = -2*x - p + 995. What is the tens digit of x?
0
What is the hundreds digit of (-10535 + 352)*(1 + (-2 - 0))?
1
Suppose -1 = -t - 5*n + 15, -4*t - 32 = -4*n. What is the tens digit of t + (-6 - (-338 + 1))?
2
Suppose 5*f = 3*c + 20, -3*f + 32 = -2*f + 5*c. What is the hundreds digit of (f/((-63)/213))/((-2)/18)?
2
Suppose 12*h - 285310 - 470618 = -247536. What is the hundreds digit of h?
3
Let j(y) = y**2 - 13*y + 32. Let b be j(10). Suppose b*v + 7*a - 2*a - 22 = 0, -3*v - 2*a = -22. Suppose n - v - 22 = 0. What is the tens digit of n?
2
Let a(u) = 51*u + 29923. What is the hundreds digit of a(0)?
9
Let f(p) = p + 41. Let y be f(-31). Suppose 4*u = y*u - 4452. What is the hundreds digit of u?
7
Let c(q) = -39*q + 6. Let l be c(3). Let d = l + 115. What is the units digit of d?
4
Let r be (-3)/1 - ((-51 - -7) + 4). Suppose -33*x - 20 = -r*x. Suppose -x*n = 7 - 22. What is the units digit of n?
3
Let d(z) = -z**3 + 13*z**2 - 11*z + 9. Let v be d(10). Let w = 334 - v. Let q = w - 48. What is the tens digit of q?
8
Suppose 695947 + 762221 = 187*o + 370015. What is the hundreds digit of o?
8
Suppose 9*l = 3*l. Suppose -3*a = -l*a + 15. Let r(n) = -3*n**3 - 6*n**2 + 4*n. What is the units digit of r(a)?
5
What is the hundreds digit of 12/((-2)/(-5)*125/18725)?
4
Suppose -1648*o - 97140 = -1663*o. What is the units digit of o?
6
What is the hundreds digit of 9 - ((-250)/(-75))/((-6)/37953)?
0
Suppose -5*z - 3*r = -4*z - 8744, 3*z - 26302 = 5*r. What is the hundreds digit of z?
7
Let m be 136*(-1)/(1/(-12)). Let d be m/10 + -1 + (-1)/5. Suppose 2*p + d = 3*c, -c + 5*p + 39 = -2. What is the tens digit of c?
5
Let q = -1595 + 2374. Suppose 4*j + q = -0*t + t, -3*t + j = -2282. What is the units digit of t?
9
Let y(m) = 27*m**2 + 59*m + 225. What is the ten thousands digit of y(22)?
1
Suppose -181781 = -16*f - 28021. What is the units digit of f?
0
Suppose 2*o = l + 142 + 172, -4*l - 782 = -5*o. Let p be (3 - (-5)/(20/(-12))) + o. Suppose 5*z + r = z + 557, 0 = -z - 4*r + p. What is the units digit of z?
8
Suppose -3*t - 1656 = -127686. What is the ten thousands digit of t?
4
Suppose -4*g + 0 = 12. Let x be -3*(2 + g)*1. Suppose x*y - f - 238 = f, -243 = -3*y - 3*f. What is the units digit of y?
0
Let c = 10326 + -10182. What is the hundreds digit of c?
1
Suppose 5*z = 2*f + 279351, 0 = -90*f + 92*f + 6. What is the units digit of z?
9
Suppose -5*i = -3*o - 10482, 0 = 2*i + 24*o - 23*o - 4195. What is the tens digit of i?
9
Suppose -3*w = 2*h - 34637, 4*w + 48126 + 38501 = 5*h. What is the tens digit of h?
2
Let d(t) = -2079*t + 3645. What is the hundreds digit of d(-18)?
0
Suppose 2*g + 21 = 33922 - 1753. What is the ten thousands digit of g?
1
Let g(n) = 10*n - 19. Let j = 25 - 20. Suppose -b - 2*b + 42 = 5*f, 0 = 5*b + j. What is the units digit of g(f)?
1
Let k(f) = -f**3 + 3*f**2 - 6*f + 7. Let h be k(5). Suppose -4*b - a + 532 = 0, -13*b + 8*b + 3*a = -682. Let q = b + h. What is the tens digit of q?
6
Let j = -149 - -168. Suppose -j*f + 8300 = -1029. What is the tens digit of f?
9
Let v be (-32)/(-18) + (-2)/(-9). Let c = 69 - 4. Suppose -2*l + 49 = -v*y - 75, 4*y + c = l. What is the tens digit of l?
6
Let b be (-4)/((-38)/(-30) - 12/20). Let i be 16/32 + b/(-4). Suppose g = w - i*g - 104, w + 2*g = 104. What is the tens digit of w?
0
Let o(m) = -948*m + 1877. What is the units digit of o(-25)?
7
Suppose 6387 + 6010 = 6*o - 6257. What is the hundreds digit of o?
1
Let v(j) = 98*j + 2811. What is the ten thousands digit of v(75)?
1
Let c(v) = 3*v - 4. Let z be c(3). Let g(k) = -k + 8. Let h be g(z). Suppose 5*j = 2*y - 160, -2*y - y + 231 = -h*j. What is the units digit of y?
5
What is the tens digit of (144/(-8) + -320)*(0 + -4)?
5
Let g(z) = -2*z**3 - z - 1. Let m(r) = -4*r - 29. Let a be m(-7). Let s be g(a). What is the units digit of 41*s - (6 - 8) - 3?
1
Let t be (0 - 1) + 3 - -12. Suppose 2*v - 91 - t = -h, 2*v = -4*h + 444. Let n = h + -50. What is the units digit of n?
3
Suppose -5*q = -9 - 6, 2*c = -3*q + 19. Suppose 2*a + a - d = 192, 3*d = -c*a + 320. Suppose 2*f = 62 + a. What is the tens digit of f?
6
Let k be (-11 - (-16415)/77) + 4/(-22). Let q = k + 138. What is the tens digit of q?
4
Suppose 2*z + z - 6 = 0. Suppose 2*j - 6*j - 1456 = -4*g, -z*j + 1438 = 4*g. What is the units digit of g?
1
Suppose -5*k = -0 - 10. Let q(o) = -12*o + 6. Let b be q(k). Let p = b - -70. What is the tens digit of p?
5
Suppose 0 = -94*d - 723329 + 2881851. What is the hundreds digit of d?
9
Let q(c) be the third derivative of c**6/30 + 2*c**5/15 - c**4/8 - c